{"id":18,"date":"2022-04-03T22:51:49","date_gmt":"2022-04-03T20:51:49","guid":{"rendered":"https:\/\/catherinestruys.be\/?page_id=18"},"modified":"2025-09-18T16:37:52","modified_gmt":"2025-09-18T14:37:52","slug":"biographie","status":"publish","type":"page","link":"https:\/\/catherinestruys.be\/index.php\/biographie\/","title":{"rendered":"Biographie"},"content":{"rendered":"<div class=\"wp-block-image\">\n<figure class=\"alignleft size-medium is-resized\"><img data-recalc-dims=\"1\" loading=\"lazy\" decoding=\"async\" width=\"200\" height=\"300\" src=\"https:\/\/i0.wp.com\/catherinestruys.be\/wp-content\/uploads\/2025\/09\/Catherine-Struys1.jpg?resize=200%2C300&#038;ssl=1\" alt=\"\" class=\"wp-image-102\" style=\"width:251px;height:auto\" srcset=\"https:\/\/i0.wp.com\/catherinestruys.be\/wp-content\/uploads\/2025\/09\/Catherine-Struys1.jpg?resize=200%2C300&amp;ssl=1 200w, https:\/\/i0.wp.com\/catherinestruys.be\/wp-content\/uploads\/2025\/09\/Catherine-Struys1.jpg?resize=683%2C1024&amp;ssl=1 683w, https:\/\/i0.wp.com\/catherinestruys.be\/wp-content\/uploads\/2025\/09\/Catherine-Struys1.jpg?resize=768%2C1152&amp;ssl=1 768w, https:\/\/i0.wp.com\/catherinestruys.be\/wp-content\/uploads\/2025\/09\/Catherine-Struys1.jpg?resize=1024%2C1536&amp;ssl=1 1024w, https:\/\/i0.wp.com\/catherinestruys.be\/wp-content\/uploads\/2025\/09\/Catherine-Struys1.jpg?resize=40%2C60&amp;ssl=1 40w, https:\/\/i0.wp.com\/catherinestruys.be\/wp-content\/uploads\/2025\/09\/Catherine-Struys1.jpg?resize=1320%2C1980&amp;ssl=1 1320w, https:\/\/i0.wp.com\/catherinestruys.be\/wp-content\/uploads\/2025\/09\/Catherine-Struys1.jpg?resize=600%2C900&amp;ssl=1 600w, https:\/\/i0.wp.com\/catherinestruys.be\/wp-content\/uploads\/2025\/09\/Catherine-Struys1.jpg?w=1365&amp;ssl=1 1365w\" sizes=\"auto, (max-width: 200px) 100vw, 200px\" \/><\/figure>\n<\/div>\n\n\n<p>Guitariste belge dipl\u00f4m\u00e9e des Conservatoires Royaux de Musique de Bruxelles et de Li\u00e8ge (classe de Luc Vander Borght) et de l\u2019IMEP (Master obtenu avec grande distinction dans la classe de Maria-Nieves Mohino), <strong>Catherine Struys<\/strong> a perfectionn\u00e9 sa ma\u00eetrise de l\u2019instrument aupr\u00e8s de Johan Fostier et Yves Storms ainsi que lors de masterclasses avec des artistes de renomm\u00e9e internationale tels que Eduardo Isaac, Susanne Mebes, Oscar Ghiglia, Pablo Marquez, Alvaro Pierri, Hopkinson Smith, Zoran Dukic, Roberto Aussel, Pavel Steidl, \u2026 Passionn\u00e9e par la musique de chambre, elle a suivi les enseignements d\u2019Andr\u00e9 Siwy et Sophie Hallynck et s\u2019est perfectionn\u00e9e lors de masterclasses, notamment avec Guy Danel.<\/p>\n\n\n\n<p><strong>Catherine Struys<\/strong> se produit r\u00e9guli\u00e8rement en Belgique et \u00e0 l\u2019\u00e9tranger en tant que soliste&nbsp; ainsi qu\u2019en musique de chambre, notamment au sein du <em>Edenwood<\/em> <em>Duo<\/em> avec Wouter Vercruysse au violoncelle, laur\u00e9at du <em>Concours International L\u00e9opold Bellan<\/em> (\u00e0 Paris, en 2017) mais \u00e9galement lors de collaborations ponctuelles avec des musiciens \u00e9trangers dans le cadre de tourn\u00e9es.<\/p>\n\n\n\n<p>Son premier album \u00abSaudade\u00bb, sorti en 2008, reprend des \u0153uvres espagnoles et latino-am\u00e9ricaines du 20<sup>\u00e8me<\/sup> si\u00e8cle. En 2014, Catherine Struys sort son 2\u00e8me album \u00ab&nbsp;Amasia&nbsp;\u00bb au sein du duo <em>Escala<\/em> (avec le violoncelliste belge St\u00e9phane Parent). L\u2019album \u00ab&nbsp;The GCM Project&nbsp;\u00bb, sorti en octobre 2017, r\u00e9unit les ensembles <em>Edenwood<\/em>, <em>Alcantara<\/em> et <em>Locango<\/em> dans un m\u00eame projet. En 2018 sort le premier album du duo <em>Edenwood<\/em>, \u00ab&nbsp;Another Place&nbsp;\u00bb puis l\u2019album \u00ab&nbsp;Cloud and Mirrors&nbsp;\u00bb en 2019, d\u00e9di\u00e9 \u00e0 l\u2019oeuvre du compositeur britannique Alan Charlton, sur lequel le duo Edenwood enregistre en premi\u00e8re mondiale la \u00ab&nbsp;Suite for cello and guitar&nbsp;\u00bb (paru chez Et\u2019Cetera records). En 2021 sort le deuxi\u00e8me album complet du du <em>Edenwood<\/em>, \u00ab&nbsp;Light Blue&nbsp;\u00bb (paru chez Et\u2019Cetera Records).<\/p>\n\n\n\n<p>picture: Lara Herbinia<\/p>\n","protected":false},"excerpt":{"rendered":"<p>Guitariste belge dipl\u00f4m\u00e9e des Conservatoires Royaux de Musique de Bruxelles et de Li\u00e8ge (classe de Luc Vander Borght) et de l\u2019IMEP (Master obtenu avec grande &hellip; <\/p>\n","protected":false},"author":1,"featured_media":0,"parent":0,"menu_order":0,"comment_status":"closed","ping_status":"closed","template":"","meta":{"footnotes":""},"class_list":["post-18","page","type-page","status-publish","hentry","latest_post"],"jetpack_sharing_enabled":true,"_links":{"self":[{"href":"https:\/\/catherinestruys.be\/index.php\/wp-json\/wp\/v2\/pages\/18","targetHints":{"allow":["GET"]}}],"collection":[{"href":"https:\/\/catherinestruys.be\/index.php\/wp-json\/wp\/v2\/pages"}],"about":[{"href":"https:\/\/catherinestruys.be\/index.php\/wp-json\/wp\/v2\/types\/page"}],"author":[{"embeddable":true,"href":"https:\/\/catherinestruys.be\/index.php\/wp-json\/wp\/v2\/users\/1"}],"replies":[{"embeddable":true,"href":"https:\/\/catherinestruys.be\/index.php\/wp-json\/wp\/v2\/comments?post=18"}],"version-history":[{"count":6,"href":"https:\/\/catherinestruys.be\/index.php\/wp-json\/wp\/v2\/pages\/18\/revisions"}],"predecessor-version":[{"id":107,"href":"https:\/\/catherinestruys.be\/index.php\/wp-json\/wp\/v2\/pages\/18\/revisions\/107"}],"wp:attachment":[{"href":"https:\/\/catherinestruys.be\/index.php\/wp-json\/wp\/v2\/media?parent=18"}],"curies":[{"name":"wp","href":"https:\/\/api.w.org\/{rel}","templated":true}]}}